 the hundreds digit of 14220784?
7
What is the units digit of 1882854?
4
What is the tens digit of 3034201?
0
What is the ten thousands digit of 176483?
7
What is the ten thousands digit of 377291?
7
What is the hundred thousands digit of 368829?
3
What is the thousands digit of 98852?
8
What is the thousands digit of 16979499?
9
What is the tens digit of 555057?
5
What is the hundreds digit of 341634?
6
What is the hundred thousands digit of 424390?
4
What is the hundred thousands digit of 139689?
1
What is the tens digit of 2255960?
6
What is the ten thousands digit of 500909?
0
What is the ten thousands digit of 2969161?
6
What is the millions digit of 5280429?
5
What is the hundreds digit of 14915133?
1
What is the ten thousands digit of 566335?
6
What is the tens digit of 268818?
1
What is the hundred thousands digit of 1516471?
5
What is the thousands digit of 5279144?
9
What is the hundreds digit of 2935605?
6
What is the hundred thousands digit of 100643?
1
What is the thousands digit of 12667720?
7
What is the millions digit of 6928623?
6
What is the ten thousands digit of 1149684?
4
What is the units digit of 1066348?
8
What is the thousands digit of 1142949?
2
What is the thousands digit of 695546?
5
What is the hundred thousands digit of 30509888?
5
What is the ten thousands digit of 16580517?
8
What is the units digit of 11295278?
8
What is the units digit of 23712708?
8
What is the tens digit of 279491?
9
What is the tens digit of 153806?
0
What is the hundreds digit of 5814242?
2
What is the hundred thousands digit of 8003685?
0
What is the hundred thousands digit of 725149?
7
What is the hundreds digit of 8719?
7
What is the hundred thousands digit of 12991237?
9
What is the millions digit of 2137522?
2
What is the ten thousands digit of 264015?
6
What is the hundreds digit of 271245?
2
What is the hundreds digit of 4186374?
3
What is the tens digit of 425046?
4
What is the thousands digit of 646071?
6
What is the ten thousands digit of 3838441?
3
What is the units digit of 240216?
6
What is the ten thousands digit of 6149805?
4
What is the ten thousands digit of 2531452?
3
What is the tens digit of 7009176?
7
What is the hundred thousands digit of 6875883?
8
What is the hundred thousands digit of 247509?
2
What is the units digit of 493304?
4
What is the thousands digit of 6247091?
7
What is the ten thousands digit of 3361184?
6
What is the units digit of 76895?
5
What is the hundred thousands digit of 135628?
1
What is the thousands digit of 107741?
7
What is the ten thousands digit of 1233232?
3
What is the millions digit of 4052706?
4
What is the thousands digit of 1033285?
3
What is the hundreds digit of 5275615?
6
What is the units digit of 567248?
8
What is the hundred thousands digit of 2881453?
8
What is the units digit of 423390?
0
What is the millions digit of 2176088?
2
What is the thousands digit of 76834?
6
What is the hundreds digit of 40986?
9
What is the hundred thousands digit of 6828671?
8
What is the units digit of 544906?
6
What is the tens digit of 3753937?
3
What is the thousands digit of 11165867?
5
What is the ten thousands digit of 9770630?
7
What is the millions digit of 8923374?
8
What is the ten thousands digit of 5475639?
7
What is the tens digit of 1910598?
9
What is the hundred thousands digit of 5332830?
3
What is the hundreds digit of 3711698?
6
What is the tens digit of 1801200?
0
What is the tens digit of 67482?
8
What is the ten thousands digit of 560274?
6
What is the tens digit of 298346?
4
What is the thousands digit of 102753?
2
What is the hundred thousands digit of 16044007?
0
What is the units digit of 86088?
8
What is the units digit of 20749204?
4
What is the millions digit of 7510902?
7
What is the millions digit of 3018354?
3
What is the hundreds digit of 2625585?
5
What is the hundreds digit of 2077834?
8
What is the ten thousands digit of 315471?
1
What is the ten thousands digit of 12676407?
7
What is the hundred thousands digit of 171050?
1
What is the hundred thousands digit of 166898?
1
What is the hundreds digit of 4695984?
9
What is the hundred thousands digit of 223721?
2
What is the hundreds digit of 9450287?
2
What is the hundred thousands digit of 687719?
6
What is the ten thousands digit of 3868291?
6
What is the thousands digit of 219495?
9
What is the units digit of 4236175?
5
What is the hundred thousands digit of 4031097?
0
What is the units digit of 844777?
7
What is the ten thousands digit of 36765833?
6
What is the ten thousands digit of 8831317?
3
What is the tens digit of 61228?
2
What is the thousands digit of 1339009?
9
What is the hundred thousands digit of 165325?
1
What is the hundred thousands digit of 268066?
2
What is the units digit of 260331?
1
What is the hundreds digit of 1965955?
9
What is the hundred thousands digit of 12902198?
9
What is the ten thousands digit of 1751735?
5
What is the units digit of 13703239?
9
What is the hundreds digit of 7822995?
9
What is the hundred thousands digit of 1766712?
7
What is the thousands digit of 1517180?
7
What is the millions digit of 1420809?
1
What is the tens digit of 22976062?
6
What is the units digit of 267277?
7
What is the tens digit of 52908?
0
What is the units digit of 15398988?
8
What is the hundreds digit of 320033?
0
What is the tens digit of 80456?
5
What is the millions digit of 1450229?
1
What is the hundreds digit of 175215?
2
What is the ten thousands digit of 1527737?
2
What is the units digit of 4956777?
7
What is the hundreds digit of 583362?
3
What is the units digit of 147688?
8
What is the units digit of 413947?
7
What is the thousands digit of 59644?
9
What is the hundred thousands digit of 3608443?
6
What is the hundreds digit of 1879261?
2
What is the hundred thousands digit of 3437662?
4
What is the tens digit of 4400846?
4
What is the hundreds digit of 965822?
8
What is the thousands digit of 2932350?
2
What is the hundred thousands digit of 287246?
2
What is the hundreds digit of 1864243?
2
What is the thousands digit of 7603?
7
What is the tens digit of 4362819?
1
What is the millions digit of 3243912?
3
What is the units digit of 950497?
7
What is the hundred thousands digit of 323839?
3
What is the units digit of 4368728?
8
What is the thousands digit of 353976?
3
What is the thousands digit of 6161119?
1
What is the units digit of 426865?
5
What is the units digit of 193810?
0
What is the hundreds digit of 581728?
7
What is the ten thousands digit of 59116?
5
What is the thousands digit of 272447?
2
What is the hundred thousands digit of 9277711?
2
What is the millions digit of 37001591?
7
What is the tens digit of 2429?
2
What is the hundred thousands digit of 6608692?
6
What is the units digit of 279220?
0
What is the millions digit of 6326584?
6
What is the tens digit of 241122?
2
What is the hundreds digit of 598774?
7
What is the hundreds digit of 1961299?
2
What is the thousands digit of 851800?
1
What is the tens digit of 1263950?
5
What is the thousands digit of 15515950?
5
What is the hundred thousands digit of 366665?
3
What is the ten thousands digit of 474528?
7
What is the tens digit of 12791868?
6
What is the millions digit of 14136350?
4
What is the ten thousands digit of 11267874?
6
What is the hundred thousands digit of 706547?
7
What is the ten thousands digit of 1967544?
6
What is the hundred thousands digit of 2933976?
9
What is the units digit of 78850?
0
What is the ten thousands digit of 19891691?
9
What is the hundreds digit of 5147986?
9
What is the ten thousands digit of 2328496?
2
What is the ten thousands digit of 13873959?
7
What is the tens digit of 1045979?
7
What is the thousands digit of 315874?
5
What is the units digit of 14168972?
2
What is the hundreds digit of 29232?
2
What is the hundred thousands digit of 884693?
8
What is the tens digit of 9993026?
2
What is the thousands digit of 16280952?
0
What is the millions digit of 4002530?
4
What is the ten thousands digit of 6988191?
8
What is the units digit of 2642948?
8
What is the hundreds digit of 2481918?
9
What is the hundred thousands digit of 15995748?
9
What is the hundreds digit of 3660243?
2
What is the ten thousands digit of 414386?
1
What is the thousands digit of 202226